 2116797?
3, 29, 839
List the prime factors of 302107.
13, 17, 1367
List the prime factors of 1653015.
3, 5, 7, 13, 173
What are the prime factors of 1008096?
2, 3, 10501
What are the prime factors of 213674?
2, 19, 5623
List the prime factors of 159498.
2, 3, 8861
What are the prime factors of 4606629?
3, 1535543
List the prime factors of 1318192.
2, 82387
List the prime factors of 193215.
3, 5, 11, 1171
What are the prime factors of 35064?
2, 3, 487
List the prime factors of 79856.
2, 7, 23, 31
What are the prime factors of 11567305?
5, 2313461
What are the prime factors of 14427?
3, 7, 229
List the prime factors of 7120344.
2, 3, 7, 11, 3853
List the prime factors of 11703790.
2, 5, 7, 167197
What are the prime factors of 1386646?
2, 693323
List the prime factors of 6272773.
13, 37117
What are the prime factors of 1969002?
2, 3, 7, 5209
What are the prime factors of 23726674?
2, 11863337
List the prime factors of 357083.
357083
List the prime factors of 20017973.
20017973
What are the prime factors of 110331?
3, 13, 23, 41
What are the prime factors of 821565?
3, 5, 18257
What are the prime factors of 167408?
2, 10463
What are the prime factors of 27140600?
2, 5, 97, 1399
What are the prime factors of 85718?
2, 42859
List the prime factors of 648203.
37, 17519
List the prime factors of 628985.
5, 7, 17971
What are the prime factors of 6574147?
227, 28961
What are the prime factors of 965718?
2, 3, 13, 4127
List the prime factors of 1575277.
11, 71, 2017
What are the prime factors of 22722?
2, 3, 7, 541
What are the prime factors of 285975?
3, 5, 31, 41
What are the prime factors of 24397165?
5, 13, 375341
List the prime factors of 18444891.
3, 6148297
List the prime factors of 397344.
2, 3, 4139
List the prime factors of 3710049.
3, 7, 31, 41, 139
What are the prime factors of 2162449?
2162449
List the prime factors of 2168745.
3, 5, 144583
What are the prime factors of 1718392?
2, 13, 31, 41
List the prime factors of 396759.
3, 11, 1093
List the prime factors of 2552255.
5, 510451
List the prime factors of 8417.
19, 443
List the prime factors of 34891.
23, 37, 41
What are the prime factors of 793453?
793453
What are the prime factors of 5734108?
2, 1433527
List the prime factors of 106332.
2, 3, 8861
What are the prime factors of 214213?
214213
List the prime factors of 18639933.
3, 13, 477947
What are the prime factors of 221952?
2, 3, 17
What are the prime factors of 2019724?
2, 7, 53, 1361
List the prime factors of 145172.
2, 36293
What are the prime factors of 5671439?
127, 44657
List the prime factors of 22874381.
631, 36251
List the prime factors of 1106926.
2, 553463
List the prime factors of 352207.
97, 3631
List the prime factors of 793887.
3, 53, 4993
List the prime factors of 2599646.
2, 7, 41, 647
What are the prime factors of 2268746?
2, 269, 4217
List the prime factors of 58795.
5, 11, 1069
What are the prime factors of 172041?
3, 57347
What are the prime factors of 810537?
3, 7, 13, 2969
List the prime factors of 7998979.
7998979
List the prime factors of 203074.
2, 101537
List the prime factors of 3627905.
5, 23, 31547
What are the prime factors of 217280?
2, 5, 7, 97
What are the prime factors of 5179022?
2, 61, 42451
What are the prime factors of 548226?
2, 3, 7, 19, 229
What are the prime factors of 603647?
11, 54877
List the prime factors of 6007533.
3, 7, 286073
What are the prime factors of 30004?
2, 13, 577
What are the prime factors of 216996?
2, 3, 13, 107
What are the prime factors of 2090061?
3, 263, 883
List the prime factors of 3771173.
7, 538739
What are the prime factors of 751015?
5, 150203
What are the prime factors of 2222785?
5, 444557
List the prime factors of 207525.
3, 5, 2767
List the prime factors of 5306248.
2, 663281
List the prime factors of 1418868.
2, 3, 11, 3583
What are the prime factors of 950139?
3, 193, 547
What are the prime factors of 775556?
2, 41, 4729
List the prime factors of 14479810.
2, 5, 1447981
List the prime factors of 2494800.
2, 3, 5, 7, 11
List the prime factors of 1013761.
7, 17, 1217
List the prime factors of 2856678.
2, 3, 11, 43283
List the prime factors of 4074736.
2, 37, 6883
What are the prime factors of 11933?
11933
What are the prime factors of 434610?
2, 3, 5, 11, 439
List the prime factors of 4292152.
2, 53, 191
What are the prime factors of 636893?
23, 27691
List the prime factors of 276333.
3, 92111
List the prime factors of 1551379.
139, 11161
What are the prime factors of 6888565?
5, 1377713
What are the prime factors of 723743?
151, 4793
What are the prime factors of 1266599?
229, 5531
What are the prime factors of 1506715?
5, 7, 43049
What are the prime factors of 10107409?
13, 199, 3907
List the prime factors of 26217523.
229, 114487
What are the prime factors of 173040?
2, 3, 5, 7, 103
What are the prime factors of 1146146?
2, 197, 2909
What are the prime factors of 2028856?
2, 253607
What are the prime factors of 1436231?
1436231
List the prime factors of 23792.
2, 1487
What are the prime factors of 3288302?
2, 643, 2557
What are the prime factors of 7309883?
7, 23, 45403
List the prime factors of 205336.
2, 25667
What are the prime factors of 9826968?
2, 3, 71, 73, 79
List the prime factors of 2647616.
2, 41, 1009
What are the prime factors of 234761?
23, 59, 173
What are the prime factors of 261424?
2, 16339
What are the prime factors of 41179?
41179
What are the prime factors of 10843509?
3, 19, 281, 677
What are the prime factors of 407006?
2, 109, 1867
List the prime factors of 13599644.
2, 3399911
What are the prime factors of 30036584?
2, 53, 70841
List the prime factors of 6295789.
67, 93967
What are the prime factors of 1204607?
1204607
List the prime factors of 219181.
17, 12893
List the prime factors of 8994048.
2, 3, 7, 239
What are the prime factors of 8943278?
2, 149, 30011
What are the prime factors of 6403923?
3, 37, 19231
What are the prime factors of 6307447?
47, 67, 2003
List the prime factors of 389895.
3, 5, 11, 17, 139
List the prime factors of 6874243.
6874243
List the prime factors of 10320679.
2111, 4889
What are the prime factors of 4021857?
3, 7, 63839
What are the prime factors of 675435?
3, 5, 37, 1217
List the prime factors of 920862.
2, 3, 17053
List the prime factors of 104814.
2, 3, 647
List the prime factors of 1520160.
2, 3, 5, 3167
List the prime factors of 151093.
139, 1087
What are the prime factors of 33021?
3, 1223
What are the prime factors of 17048231?
37, 523, 881
List the prime factors of 862187.
862187
What are the prime factors of 3582547?
3582547
What are the prime factors of 144389?
7, 20627
What are the prime factors of 4487204?
2, 41, 27361
What are the prime factors of 22771799?
1867, 12197
What are the prime factors of 281978?
2, 140989
What are the prime factors of 725420?
2, 5, 19, 23, 83
What are the prime factors of 53163?
3, 11, 179
List the prime factors of 13388528.
2, 31, 26993
List the prime factors of 543391.
43, 12637
List the prime factors of 28704.
2, 3, 13, 23
What are the prime factors of 1322160?
2, 3, 5, 7, 787
List the prime factors of 20096851.
19, 67, 15787
List the prime factors of 341110.
2, 5, 7, 11, 443
List the prime factors of 161642.
2, 13, 6217
List the prime factors of 2884180.
2, 5, 13, 11093
List the prime factors of 50452.
2, 12613
List the prime factors of 422621.
422621
What are the prime factors of 372305?
5, 19, 3919
What are the prime factors of 114508?
2, 28627
What are the prime factors of 8022450?
2, 3, 5, 79, 677
What are the prime factors of 96492?
2, 3, 11, 17, 43
What are the prime factors of 178893?
3, 11, 13, 139
What are the prime factors of 36762381?
3, 17, 241, 997
What are the prime factors of 106600?
2, 5, 13, 41
What are the prime factors of 1084934?
2, 542467
List the prime factors of 105558.
2, 3, 73, 241
List the prime factors of 23928958.
2, 61, 196139
What are the prime factors of 382463?
382463
What are the prime factors of 2421844?
2, 31, 19531
What are the prime factors of 580264?
2, 72533
List the prime factors of 5077414.
2, 2538707
What are the prime factors of 6500055?
3, 5, 433337
List the prime factors of 824946.
2, 3, 137491
List the prime factors of 2586098.
2, 73, 17713
List the prime factors of 1952597.
31, 62987
List the prime fac